 = -4 - -5. Let r be -1 - 1/b - 2. What is the units digit of 0 + 4*(-2)/r?
2
Suppose -2*w + w + 2 = 0. Suppose -18 = -3*a - 5*h, w*h - h - 3 = 0. What is the units digit of a?
1
Let l(g) = -11*g + 3. What is the units digit of l(-9)?
2
Let w = -16 - -38. What is the units digit of w?
2
Let k = -167 - -331. What is the units digit of k?
4
Let m = -5 + 13. Let n be (2 - -1)/(0 + 1). Suppose -n*x = 5*y - m, 4*y + 2*x - 8 = -2*x. What is the units digit of y?
1
What is the tens digit of 13/(-12)*-2*6?
1
Let a = 19 - 17. What is the units digit of 3/a*(-2 + 16)?
1
Suppose 3*w - 3 = -0*w. What is the units digit of w?
1
Let y(l) = l**3 + 10*l**2 - 11*l - 17. What is the tens digit of y(-10)?
9
Let g(o) = -o**3 + 13*o**2 - 5*o - 3. What is the tens digit of g(12)?
8
Let u be -8 + -2 + (-4)/(-2). Suppose 5 = -4*z + 3*z. Let m = z - u. What is the units digit of m?
3
Let f = -4 + 6. Let h = f - -8. What is the units digit of h?
0
Suppose -4*t + 286 = -5*k, k = -3*t - t + 274. What is the units digit of (t/(-9))/((-4)/24)?
6
Suppose 5*h - 4*y + 56 = 277, 0 = 3*h + 3*y - 138. What is the tens digit of h?
4
What is the units digit of (8/(-2) - 301)*2/(-5)?
2
Let g(f) = f**3 + 13*f**2 - 12*f - 24. What is the hundreds digit of g(-12)?
2
Suppose 0 = -o - 5 + 6. Let v(m) = 20*m**2 - m + 1. What is the units digit of v(o)?
0
Suppose 4*w + 6 = 86. Suppose -2*y = -8, -6*y = -4*o - y - w. Suppose o*q - 2*q + 14 = 0. What is the units digit of q?
7
Let r(v) be the third derivative of 1/20*v**5 + 2*v**2 - 1/120*v**6 + 0*v + 2/3*v**3 + 1/6*v**4 + 0. What is the units digit of r(4)?
4
Let p be (0 - -2) + -2 + 7. Let a = 12 - p. What is the units digit of a?
5
Suppose -42 = -2*b + 5*t + 9, -3*t = -5*b + 175. What is the tens digit of b?
3
Let k be 5*1*(-1 + 2). Let o = 32 - -3. Suppose 2*n - k*b - o = 0, n + b = -0*n. What is the units digit of n?
5
Let h(j) be the second derivative of j**4/6 - j**3 + 3*j**2/2 - 6*j. What is the tens digit of h(5)?
2
Let n = -3 - -27. What is the units digit of n?
4
Suppose 88 = -0*h + 4*h. Suppose a + a - h = 0. What is the units digit of a?
1
Suppose 0 = 2*d + 2*r + 14, -41 = 5*d - 3*r + 2*r. Let j = 17 - d. What is the units digit of j?
5
Let d(m) = -22*m - 2. What is the units digit of d(-2)?
2
Let i(c) = 3*c**2 - 2*c + 2. Let t be i(2). Let r = -7 + t. Suppose r*o + 1 = 4. What is the units digit of o?
1
Suppose -2*g + o + 19 = -0*o, -4*g + 53 = -5*o. Suppose 3*r - 3*h = 17 - 2, h = -4*r + 10. Let n = r + g. What is the units digit of n?
0
Let i(z) = -z - 4 - 5 - 2 + 2*z. Let d be i(10). What is the units digit of 10 + d/(3/6)?
8
Let q be (-8)/(-36) - 374/(-18). Let d = -9 + q. What is the tens digit of d?
1
Suppose 60 = -2*j + 160. What is the units digit of j?
0
Suppose -3*v = -g - 96, 0*v + 2*v - 4*g - 74 = 0. What is the tens digit of v?
3
Let s = -116 - -211. What is the units digit of s?
5
Let c = 69 - 44. Suppose 0*a + 5*t - c = 5*a, -3 = a + t. What is the units digit of 1*(3 - a - 0)?
7
What is the units digit of 460/(-140) + 4/14 + 224?
1
Let q = -6 - -6. Let y = q - -5. What is the units digit of y?
5
Let k(u) = u**2 + 16 + u - 6*u**2 - 9*u**2 - u**3. Let h be k(-14). Suppose -4 = h*f - 24. What is the tens digit of f?
1
Let n = 26 + -42. Let j = 22 + n. What is the units digit of j?
6
Suppose 2*i - 4*j + 18 = -6, -5*j = -3*i - 41. Let t = i - -40. What is the units digit of t?
8
Suppose 2*w - 16 = d - 2*w, 0 = 5*d + 5*w - 45. Suppose -8*r + 32 = -d*r. Let l = -5 + r. What is the units digit of l?
3
Suppose 6 = 2*t + 3*b, b + 9 = 4*t - 3. Suppose -39 = -0*x - x + t*p, -2*x = -p - 73. What is the tens digit of x?
3
Let q = -133 - -211. What is the units digit of q?
8
Let o(w) = w**2 - 7*w + 3. Let n be o(6). What is the units digit of (12/5)/(n/(-40))?
2
Let g(z) = z**3 + 5*z**2 - 3*z - 3. What is the tens digit of g(-5)?
1
Let z be 2/(0 - 2 - 0). Let x(y) = 17*y**2 + 1. What is the tens digit of x(z)?
1
Suppose 0 = 21*c - 9355 + 1795. What is the units digit of c?
0
Let v(f) be the first derivative of -f**3/3 + 3*f**2 + 4*f + 2. Let q be v(6). Suppose -q*a = a - 30. What is the units digit of a?
6
Suppose 29 = 2*q - 1. What is the tens digit of q?
1
Let w(o) = o - 12. Let h be w(8). Let q = h + 7. What is the units digit of q?
3
Let y = 20 + -13. Let f(t) = t**3 - 8*t**2 + 7*t + 5. Let n be f(y). Let c = 8 - n. What is the units digit of c?
3
What is the units digit of 0/(2 + -1) + 4?
4
Let i(u) = u**2 + 4*u + 3. Let x be i(-5). Let w be (-2)/x + (-5)/(-4). Suppose -10 = -o - s, o + s - w = 3*s. What is the units digit of o?
7
Suppose 3 = o - 1. Let n(t) = -2*t - 6. Let k be n(-5). Suppose 0 = -3*x - x - 4*p + 24, -o*p + k = 0. What is the units digit of x?
5
What is the units digit of (-62)/(-12) + 20/(-120)?
5
Let x(s) = s**3 - 18*s**2 + 18*s + 2. What is the units digit of x(17)?
9
Suppose 0 = 5*d - 25, -4*m = -2*d - 0*d - 14. Let u = m + -4. What is the units digit of u?
2
Let m = -5 + 2. Let s(i) = -6*i - 2. What is the units digit of s(m)?
6
What is the tens digit of (1 - -1)/1*(-155)/(-2)?
5
What is the units digit of (110/4)/((-1)/(-2))?
5
Let n = -13 + 80. What is the units digit of n?
7
Let o(f) be the first derivative of 1/4*f**4 + 9/2*f**2 - 3*f**3 - 3 + 2*f. What is the units digit of o(8)?
0
Let n(c) = -c**3 - 5*c**2 - c. Let v be n(-5). What is the tens digit of v/20*(1 - -67)?
1
Let i = 282 + -146. What is the units digit of i?
6
What is the units digit of (-1)/3 - 10/(-3)?
3
Let b(j) = -j**3 - j**2 - 4*j + 3. Let c(y) = y**3 + y**2 + 5*y - 4. Let s(q) = -6*b(q) - 5*c(q). What is the units digit of s(0)?
2
Suppose 0 = -a - 2*a - 24. Let c be (-10)/6*(-2 - a). What is the units digit of 14/c*(4 + -9)?
7
Let o(k) = k**2 - 3*k - 8. What is the tens digit of o(-5)?
3
What is the units digit of (1218/8)/3 + (-1)/(-4)?
1
Suppose 35 = 5*n + 2*y + 15, 2*n + 21 = 5*y. Let i be (-2 + 7)*(-9)/15. What is the units digit of (n/i)/((-2)/3)?
1
Let m = -31 + 45. What is the tens digit of m?
1
Suppose -6*n + 1422 = -576. What is the tens digit of n?
3
Suppose 2 = i - 3*x + 8, -2*i - 5*x - 1 = 0. Let k = i - -9. Let o(w) = w**3 - 5*w**2 - 3*w - 6. What is the units digit of o(k)?
2
Let l be 1 - 3 - 1 - -26. Suppose -l = 4*f - 87. What is the tens digit of f?
1
Let c(m) = -m**3 - 8*m**2 - 4. Let p be c(-8). What is the units digit of 86/3 - p/(-6)?
8
Let o(u) = -u**3 - 10*u**2 - 9*u - 2. Let f be o(-9). What is the tens digit of 147/14 + f/(-4)?
1
Let s = 100 + -45. Suppose 3*n = -2*n + s. What is the units digit of n?
1
Suppose -2*a - o + 25 = 0, 0 = -4*a + 3*a - 3*o + 15. Let r = -1 - 4. Let c = r + a. What is the units digit of c?
7
Suppose -o - 3 = -38. What is the tens digit of o?
3
Let u(x) = 9*x**3 - x**2 - x. What is the units digit of u(2)?
6
Suppose 2*t = -2*t + 60. Suppose 50 - t = 5*r. What is the units digit of r?
7
Let b be ((-10)/(-12))/(11/66). What is the tens digit of ((-26)/b)/((-6)/30)?
2
What is the tens digit of (3 + (-108)/(-4))/1?
3
Let h(u) = 89*u**2 + 2*u - 1. Let i be h(1). Suppose 8*y = 6*y + i. What is the tens digit of y?
4
Let n(q) = -q - 8. Let i be n(-10). Suppose 7*x - 25 = i*x. What is the units digit of x?
5
Suppose -5*v + 24 + 56 = 0. Let b(w) = 4*w**2 + 5*w - 4. Let q be b(-4). Suppose 0 = -3*n + q - v. What is the units digit of n?
8
Suppose -c = -2*q + 133, -5*q - 3*c = -q - 271. Suppose g = 4*f - 49, -5*f + 1 = g - q. What is the tens digit of f?
1
Let r(m) = -3*m**3 + 38*m**2 + 10. Let u(k) = k**3 - 13*k**2 - 3. Let i(d) = 6*r(d) + 17*u(d). What is the units digit of i(7)?
9
Suppose -4 = 3*l - 10. Suppose 3*w = -l*i + 33, 2*w + 4*i = 6*i + 32. What is the tens digit of w?
1
Suppose 14 = -2*g + 102. What is the tens digit of g?
4
Let x = 8 + -5. Let k = 5 - x. Suppose 2*z - k*i = i + 17, 5*z - 2*i = 26. What is the units digit of z?
4
Suppose -5*p + 81 = -q - 160, q = -2*p + 95. What is the units digit of p?
8
Let o = -6 - -9. Suppose -5*n + o*w + 34 = 0, 0*w = -5*n - w + 22. What is the units digit of n?
5
Suppose -5*x - 2 = -17. Suppose x*q + q = -s + 14, 4*q = -5*s + 102. What is the tens digit of s?
2
Let v(g) = 3*g - 15. Let l(m) = m + 13. Let n be l(-6). What is the units digit of v(n)?
6
Let o(p) = p**3 + 9*p**2 + 7*p - 9. Let g be o(-8). Let x = g + 11. What is the 